vided by b.
12
Let a(y) = y**2 - 3*y + 13. What is the remainder when a(5) is divided by 8?
7
Suppose 0 = k - 4*d - 38, 0*k + k = 5*d + 41. What is the remainder when k is divided by 16?
10
Let v = 42 - -6. What is the remainder when 237 is divided by v?
45
Let d = -3 - -3. Suppose -r + d*r = 1. Let o = r + 12. Calculate the remainder when 32 is divided by o.
10
Suppose -14*d - 19 + 663 = 0. Calculate the remainder when d is divided by 25.
21
Let z(t) be the second derivative of t**5/20 - t**4/2 + 7*t**3/6 + t**2 + 4*t. Let j(w) = 6*w + 4. What is the remainder when j(3) is divided by z(5)?
10
Let i(b) = -2*b**2 + b + 1 - b + 19*b**3. What is the remainder when i(1) is divided by 6/6 + (4 - 0)?
3
Suppose -4*s - s - 25 = 0, 0 = u - 2*s - 24. What is the remainder when 27 is divided by u?
13
Let p(w) = w**2 - 2. Let j be (-8)/1 - (-6 + 3). Let y be -3 - j/(15/(-9)). Calculate the remainder when p(y) is divided by 12.
10
Suppose -34 = -4*k - 2. What is the remainder when 69 is divided by k?
5
Suppose 2*q - 3*q = -17. Let z = q - 10. Calculate the remainder when 12 is divided by z.
5
Let q(k) = -39*k**3 - 7*k**2 + 5*k + 7. Let i(l) = -20*l**3 - 3*l**2 + 2*l + 3. Let a(x) = 5*i(x) - 2*q(x). Calculate the remainder when 43 is divided by a(-1).
21
Suppose 2*i - 31 = 11. Suppose -3*u + o = -i - 13, -5*o + 39 = 4*u. Let d = 8 + 24. Calculate the remainder when d is divided by u.
10
Suppose 3*b = 2*z - 21, -3*z - 3*b - 4 - 2 = 0. Let d be 15/3 + -1*z. Suppose -d*x = -2 - 72. Calculate the remainder when x is divided by 13.
11
Let s(r) = 2*r**2 - 17*r - 24. Calculate the remainder when s(11) is divided by 16.
15
Suppose -5*b + 192 - 7 = 0. Calculate the remainder when b is divided by 13.
11
Suppose -3 = -4*o + 3*t + 25, -3*o + t + 16 = 0. Let s be (2/(o/(-6)))/(-1). Calculate the remainder when (-4 + s)*-65 - -2 is divided by 23.
21
Suppose -3*j + 33 = -6. What is the remainder when j is divided by (4 - 1 - -2) + 0?
3
Suppose 5 = 3*f + 2. Let u = 13 - f. Calculate the remainder when 35 is divided by u.
11
Let y(f) = 2*f**3 + 7*f**2 - 7*f - 5. Calculate the remainder when y(-3) is divided by 10 - ((-2)/2)/(-1).
7
Let l = 82 - 76. Calculate the remainder when l is divided by 2.
0
Let f be 4*(-3)/(-6) - 0. Suppose g = 2*w - 68, 0 = f*w - 3*w + g + 36. What is the remainder when 95 is divided by w?
31
Let g(z) = -z - 11. Let a be g(-11). Suppose 2*r - 3*q - 49 = a, 4*q = -3*r + q + 96. Calculate the remainder when 57 is divided by r.
28
What is the remainder when 32 is divided by (4 - 8)/(-12)*51?
15
What is the remainder when 59 is divided by (-2)/4 + (806/(-4))/(-13)?
14
Let j(n) be the second derivative of -n**4/12 + 7*n**3/3 - 3*n**2 + n. What is the remainder when 99 is divided by j(10)?
31
Let k be (1 - -35) + -1 + 1. Suppose 3*i - i = k. Let n = 111 - 42. What is the remainder when n is divided by i?
15
Let c = -28 - -13. What is the remainder when 22 is divided by (-64)/(-10) + 6/c?
4
Let q = -13 + 29. Let i = q + 0. What is the remainder when 29 is divided by i?
13
Let v(u) = -u**3 - 12*u**2 + u + 41. What is the remainder when 57 is divided by v(-12)?
28
Let f(s) = 2*s - 7. Let p be f(6). Suppose -3*v - 40 = -p*n, 53 = -4*v - 3*n - 39. Calculate the remainder when (-16)/v*(-5)/(-2) is divided by 2.
0
Suppose -1 = -2*p + 2*w + 3, -5*p = -3*w - 6. Suppose p = -2*o + 45 + 13. What is the remainder when 57 is divided by o?
28
What is the remainder when (-4 + -11 - 0)*-1 is divided by 11?
4
Let b(d) = -3 - 3*d + 4 - d**2 - 11*d**3 + 5*d**2 + 12*d**3. What is the remainder when 48 is divided by b(-4)?
9
Let k(u) = u**3 - 11*u**2 - 13*u + 23. What is the remainder when 2/8 - 79/(-4) is divided by k(12)?
9
What is the remainder when 1 + 3 + (55 - -1) is divided by 13?
8
Let v = 2 - -37. Suppose 3*k = 5*g + 12, k + g - 4 = 4*g. Suppose k + 6 = x. What is the remainder when v is divided by x?
9
Suppose -2*a - 78 = -4*k - 4*a, 5*a - 42 = -k. Calculate the remainder when 99 is divided by k.
14
Let q = -12 - -16. Let f(g) = -g**3 + 3*g**2 + g. Let c be f(3). Suppose -k + c*m - 5 = 0, -k - 10 = -m - 3*m. Calculate the remainder when k is divided by q.
2
Calculate the remainder when (-316)/(-24) - 1/6 is divided by 5.
3
Let d(j) = 4*j**2 + 3*j - 4. Calculate the remainder when d(-3) is divided by 6.
5
Suppose -5*m + 39 + 56 = 0. What is the remainder when m is divided by 5?
4
Let q(t) = t**3 - t**2 + 4*t - 5. Let v be (-8)/(-56) + (-20)/(-7). Let x = 23 + -14. Calculate the remainder when q(v) is divided by x.
7
Let h(b) = -44*b - 1. Calculate the remainder when h(-1) is divided by 9.
7
Let m = -29 - -51. Calculate the remainder when 107 is divided by m.
19
Suppose 5*n + 32 = -2*u - 93, -2*n - 49 = u. Let r = -14 - n. What is the remainder when (-2)/(-5) + 123/5 is divided by r?
12
Let k = -11 + -35. Suppose -4*b - 80 = -9*b. What is the remainder when -2*(-2)/4 - k is divided by b?
15
Let w(r) = -5*r - 3. Suppose 4*y - 4 = 0, -4 + 8 = -4*b - 4*y. What is the remainder when 19 is divided by w(b)?
5
Let w(y) = -y**3 - 2*y**2 - 6*y - 6. Let g be w(-4). Let t = -29 + g. Calculate the remainder when 61 is divided by t.
19
Suppose t = -2*t + 18. What is the remainder when t is divided by 4?
2
Calculate the remainder when 1/(0 + -3) - (-4867)/93 is divided by 18.
16
Suppose f = -3*f - 52. Let l be 74/26 - 2/f. Suppose -5*t + 94 = l*x, -16 = -3*t + 2*x + 29. What is the remainder when t is divided by 10?
7
Let r(q) = -3*q - 8. Suppose -5*y + 1 - 31 = 0. Calculate the remainder when 17 is divided by r(y).
7
Let m = 0 - -1. Calculate the remainder when m + 11/(-1)*-5 is divided by 19.
18
Let b = -7 - 2. Let c(o) = 5*o**2 - o + 1. Let s be c(1). Let i = s - b. What is the remainder when 41 is divided by i?
13
Let m(n) = n**3 - 6*n**2 + 3*n + 2. Let o be m(6). Suppose o = i - 2. What is the remainder when 42 is divided by i?
20
Suppose 0 = 2*i + 10, x + 4*i = -i - 21. Calculate the remainder when x/12 + (-2)/(-3) is divided by 1.
0
Suppose -10 - 6 = -4*t, -g = 3*t - 8. Suppose 2*j + 4*w = 2*w - 4, -w = 3*j + 2. Calculate the remainder when 11 is divided by (j + (-2 - -1))*g.
3
Let f = -5 - -17. What is the remainder when 2 + (-3)/(f/(-68)) is divided by 7?
5
Suppose -4*z = -10 - 14. Suppose 0 = -3*y - z, -6*t - 3*y + 78 = -2*t. Calculate the remainder when 83 is divided by t.
20
Let a be 16/(-6)*(-3)/(-2). What is the remainder when 42/28 - 118/a is divided by 8?
7
Suppose -3*u + 4*c + 221 = 0, 5*c - 26 = -u + 73. What is the remainder when u is divided by 27?
25
Let v = 44 + -30. Let o(w) = w**3 + 8*w**2 - 4*w - 5. What is the remainder when o(-8) is divided by v?
13
Suppose -17 = -5*n + 43. Let r = 35 - n. What is the remainder when r is divided by 12?
11
Suppose 67 = 3*x - 4*l, 0 = -0*x - 3*x - 2*l + 79. What is the remainder when 74 is divided by x?
24
Let r(s) = -s**2 + 7*s + 2. Let n(w) = w + 10. Calculate the remainder when r(6) is divided by n(-5).
3
Let n = -33 + 47. Calculate the remainder when (2/(-14)*-25)/(6/42) is divided by n.
11
Let b be 37/13 + (-6)/(-39). Suppose b*f + 3*o - 9 = 0, 5*f - 5*o - 15 - 30 = 0. What is the remainder when 9 is divided by f?
3
Let w(q) = -2*q**3 - 2*q**2 - q + 2. Let k = 323 - 288. What is the remainder when k is divided by w(-2)?
11
Let b = 15 + -6. Let q(s) = 3*s + 10. Calculate the remainder when q(b) is divided by 10.
7
Let q(y) = -7*y - 12. Calculate the remainder when q(-8) is divided by 1/((-2)/(-20))*(-18)/(-12).
14
Let q(g) = 3*g**2 - 3*g. Let z be q(-3). Suppose 2*u - z = -2. Suppose -5*p + 245 = -0*p. What is the remainder when p is divided by u?
15
Suppose 75 = 5*h - 0. Calculate the remainder when -5 - -29 - (-12)/3 is divided by h.
13
Suppose 2*d = -b + 33, 5*b + 2*d + 60 = 233. What is the remainder when b is divided by 19?
16
Let r(a) = 10*a**2 + 3*a + 2. Let i(s) be the third derivative of -s**4/24 + s**3/6 - s**2. Calculate the remainder when r(-1) is divided by i(-3).
1
Let n(h) = -6*h - 3. Suppose -1 = -4*i + 4*v - 9, 2*v - 2 = i. Calculate the remainder when n(i) is divided by 3.
0
Calculate the remainder when (-21)/(-1*3/9) is divided by 22.
19
Let s(v) = v**3 - 13*v**2 + 11*v + 16. Let w be s(12). Suppose -5*n + w*y = -30, -2*n - 2*y + 4*y = -10. What is the remainder when 39 is divided by n?
9
Suppose